 and 26?
26
Let q = 9071 + -349. What is the highest common factor of q and 196?
98
Let i be 18/(-14) + (-10)/(-175)*5. Let m be 65/(-15)*(57/3 + i). Let z = m - -87. What is the greatest common divisor of z and 72?
9
Suppose -100 = -h + 4*k + 54, 15 = 3*k. What is the highest common factor of h and 2175?
87
Let q = -1 - -1. Suppose -j - 6*j + 22 = -13. Suppose -5*x + j = -q. Calculate the greatest common factor of x and 3.
1
Suppose 6816 = -6*b + 54*b. Let i = b - -516. What is the greatest common divisor of 94 and i?
94
Suppose 4*m = -4*i + 1397 + 751, -3*m + 1627 = -i. Let l = m - -161. What is the greatest common factor of 54 and l?
54
Let w(v) = -v**3 + 27*v**2 - 109*v - 7. Let f be w(22). What is the highest common factor of 2865 and f?
15
Suppose 423 = 2*y + 13. Suppose 5*p + 2*l = y, 3*p + 54 = 4*p + 3*l. What is the greatest common divisor of 3 and p?
3
Let v(f) = -17*f - 113. Let j be v(-11). Calculate the highest common factor of 3478 and j.
74
Suppose -3*s + 846 = 3*o, -467*s - 564 = -2*o - 465*s. What is the greatest common factor of 4606 and o?
94
Let p be 2 - -764 - 6/((-30)/(-35)). What is the greatest common factor of p and 66?
33
Suppose -4*c = -5*c + 24. Let r = -62748 + 62766. Calculate the greatest common factor of r and c.
6
Suppose -2*n - 2*n = 2*y + 182, 177 = -4*n - 3*y. Let t = n - -98. Let i = -37 + t. Calculate the greatest common factor of i and 143.
13
Suppose 15*k = 19*k - 2*f - 78, -4*k + 53 = 3*f. What is the greatest common factor of k and 1343?
17
Let d(u) = u**3 + 10*u**2 + 10*u + 15. Let a be d(-9). Let b(g) = 79*g + 14. Let y be b(a). Let w = y - 218. Calculate the highest common factor of w and 30.
30
Let a(s) = 6*s - 67. Suppose 0 = 5*g + 3*d - 33 - 43, -2*d + 4 = 0. Let q be a(g). Calculate the greatest common divisor of q and 136.
17
Let b(h) = 3*h**2 - 12*h + 9. Let c be b(11). Let j = c + -228. What is the greatest common divisor of j and 100?
4
Suppose m + 2*w = 74, 24 = -m + 3*w + 78. Let t(p) = p**2 + 36*p + 103. Let r be t(-46). Let j = r + -557. What is the greatest common factor of j and m?
6
Let f = -79 - -92. Suppose 5*q - 585 = 2*q. Suppose 7*a - 12*a + q = 0. Calculate the greatest common divisor of f and a.
13
Let o = 250 + -55. Let u be (-24220)/(-2030) + 14/203. Suppose -o = -u*s - 3. Calculate the highest common divisor of 256 and s.
16
Suppose -281*x + 286*x - 135 = 0. Suppose 5346 = 10*h + 8*h. Calculate the greatest common factor of x and h.
27
Suppose s - 26 = 4*b, 4*s - b + 2*b - 36 = 0. Let y = 537 + -528. Suppose -y*q = -606 - 1464. Calculate the greatest common divisor of s and q.
10
Suppose -5*x - 4*u = -580, 3*u + 375 = 13*x - 10*x. Suppose -p + 14 = -76. Calculate the highest common factor of p and x.
30
Let c = -5373 + 5565. What is the highest common factor of c and 38?
2
Let d(l) = -12*l**2 + 31*l**2 - 11*l**2 - 32 - 7*l**2 + 26*l. Let o be d(-28). What is the greatest common factor of 408 and o?
24
Let p(o) = -o**3 + 7*o**2 + 5*o + 26. Let l be p(8). Suppose m = -2, l*m = -4*c + 3*c + 76. What is the highest common factor of c and 20?
20
Suppose -77*d = -59*d - 4644. What is the highest common divisor of 6 and d?
6
Suppose 0 = -5*f - 5*g + 19 + 21, 20 = 4*g. Let w = -56 + 104. What is the highest common factor of w and f?
3
Suppose -10*v + 107 - 7 = 0. Suppose 43 + 457 = v*x. Calculate the greatest common divisor of 2 and x.
2
Let g = 2483 - 2465. Suppose -o - 164 - 66 = -f, -5*f - 5*o + 1190 = 0. Calculate the highest common factor of f and g.
18
Let w = -4 - -6. Let p = 681 + -671. What is the highest common divisor of p and w?
2
Suppose -30 = 5*a + a. Let t(p) = -22*p + 2. Let m be t(a). Let v = 1521 + -1507. Calculate the highest common factor of m and v.
14
Suppose -6*t = -5*t - 4*j - 431, 3*t - 2*j = 1233. What is the highest common factor of t and 143?
11
Suppose 19 + 35 = 16*o + 6. Let v be 2/(-6) - (-16)/3. Suppose -o*y + 40 = -v*a, 0*a - 10 = 5*a. What is the greatest common factor of y and 5?
5
Let z = 3456 + 1168. What is the greatest common factor of 544 and z?
272
Let v(r) = 3 - 25*r + 30*r + 2. Let o be v(-4). Let x be (-2559)/o - (24/(-10) + 2). Calculate the highest common factor of 19 and x.
19
Suppose 0*y - 32 = -2*y + 2*g, -3*y - 4*g = -48. Suppose -489 - 179 = -2*i. Let t = i + -238. What is the greatest common divisor of y and t?
16
Let p(j) = -4*j - 38. Let n = 14 - 23. Let r be p(n). Let d be (-27)/(-12) + r/(-8)*-1. Calculate the greatest common factor of d and 3.
1
Let n(j) = -2*j - 6. Let a be n(-6). Let v(x) = -41*x**3 - 3*x + 40*x**3 - 21 + 18 + 8*x**2. Let u be v(a). What is the greatest common factor of 34 and u?
17
Let a = -1249 + 1276. What is the highest common factor of 108 and a?
27
Let b(n) = 2*n**2 + 10*n - 8. Let w be b(-7). Suppose 5*i - 1380 = 1570. What is the greatest common factor of i and w?
10
Let l = 950 + -906. What is the greatest common factor of l and 84?
4
Let x be (-10)/(-5)*1 + 2. Let j(r) = 2*r**2 - 2 - 3*r - 7*r**3 + 6*r**3 + x*r**2. Let u be j(5). Calculate the highest common divisor of u and 40.
8
Let o(z) = -17*z + 178. Let t be o(6). Suppose -v - t = -n, -3*n + 172 = -v - 48. Calculate the greatest common factor of n and 40.
8
Let z = 796 + -612. Suppose 4*i = -4*n + 108, -5*n = 3*i - 43 - 84. Calculate the greatest common factor of n and z.
23
Suppose 28*y - 19760 = 9*y. What is the greatest common factor of 312 and y?
104
Suppose -59*c = -11656 - 332727. What is the highest common divisor of 13 and c?
13
Let s be (-60 - (2 - -5)) + -2 + 1. Let g be (-1)/(-3 - ((-137)/s + -5)). Calculate the greatest common divisor of 204 and g.
68
Suppose -2*i = w - 39886, -4*i - 10190 = 3*w - 89970. Calculate the highest common factor of 157 and i.
157
Let o(a) = -765*a**3 - 12*a**2 + 2*a + 48. Let s be o(-2). What is the highest common divisor of 220 and s?
44
Let f(j) = 2*j**2 + 44*j + 21. Let m be f(-13). Let n = 258 + m. Calculate the greatest common factor of n and 15.
15
Suppose t - b = 1094, 36 = -t - 4*b + 1105. Calculate the highest common factor of t and 1584.
99
Let n be ((-9)/72*-4)/(1/84). Suppose -8*m + 210 = n. Calculate the highest common factor of m and 63.
21
Let z(i) = 11*i + 647. Let f be z(-52). What is the highest common factor of 25 and f?
25
Let q be (-90)/(-2 + 3/6). Let w be 5/2*912/q. What is the greatest common divisor of 19 and w?
19
Let i = 18063 + -17661. Calculate the greatest common factor of i and 24.
6
Let j = 94 + -90. Suppose -k - j = 0, 0 = 4*d - 2*d + k - 208. Calculate the greatest common factor of d and 2.
2
Suppose -2*p = -16 - 12. Let d be p*(4/(-6))/((-100)/75). What is the greatest common divisor of 315 and d?
7
Let j = -44 + 100. Suppose 2*u + 217 = 357. Calculate the greatest common divisor of u and j.
14
Let x be (5/3)/(980/7056). What is the highest common divisor of 1902 and x?
6
Let f(y) = y**2 + 54*y + 90. Let o be f(-56). What is the highest common divisor of 1919 and o?
101
Suppose -2*r + 2*m = -3*r + 3, -3*m = 3. Suppose -3*c = -2*g + 552, -r*g + 529 + 862 = -2*c. Calculate the highest common divisor of g and 9.
9
Suppose 0 = -4*i - 4, -u + 3*i + 27 = -3. Let l(w) = -77*w**3 - 1461*w**2 - 30*w - 131. Let j be l(-19). Calculate the greatest common factor of u and j.
27
Let b = -2679 - -2868. Calculate the greatest common factor of 49 and b.
7
Let w be (-5052)/6*(-4 + 2). Suppose 16*s - w = -212. Calculate the greatest common divisor of 230 and s.
46
Suppose -13919 = -4*w + u, -20*u + 25*u = 5*w - 17410. What is the highest common divisor of 213 and w?
71
Let p(y) = -y**3 - 4*y**2 + 5*y + 4. Let z = 7 + -12. Let b be p(z). Let q be 2 - (b - 3) - -3. What is the greatest common factor of q and 20?
4
Suppose -27 = c - 373. Let z = c - 279. Calculate the highest common factor of 335 and z.
67
Suppose -4 = 5*l + 3*w, 3*l - 4 + 0 = -5*w. Let o be 0 + (2 - (-64 - l)). Suppose -2*j + 1294 - 1102 = 0. What is the greatest common factor of j and o?
32
Let z = 7 - -55. Suppose 92*w + 14075 = -21*w + 45602. Calculate the greatest common divisor of z and w.
31
Let b = -355 + 436. Suppose 0 = y - 5, 4*u - 3*y - 57 = 0. What is the highest common divisor of u and b?
9
Let k = -25563 + 52530. Calculate the highest common divisor of 606 and k.
303
Let t(u) = 78*u**2 - u. Let q(l) = l**